ve h(r).
51
Suppose 185*y = 5335 + 400. Let b(o) = o**2 - 26*o - 1. Give b(y).
154
Let q(w) be the third derivative of w**4/4 + w**3/6 + 14*w**2 - 203*w. Suppose 0 = -4*z - f - 4, 0*z - z - f + 2 = 0. What is q(z)?
-11
Let l(k) = -k - 3 + 12 - 3*k + 0*k. Suppose -3*v + 4*d = -20, 6*v = 4*v + d + 10. Determine l(v).
-7
Let s(b) be the first derivative of b**4/4 + 4*b**3 - b**2 + 11*b - 1. Suppose 2 = 2*a + 2*l, 3*a - 6163*l + 10 = -6165*l. Give s(a).
35
Let t(d) be the first derivative of 13*d**2 - 4*d - 4231. What is t(4)?
100
Let t = 43 + -36. Let z(a) = -5*a + 41. Give z(t).
6
Let c(x) = -7*x - 863 - 12*x - 4*x + 6*x + 789. Determine c(-4).
-6
Let l(x) be the third derivative of x**7/2520 - x**6/90 + x**5/15 + 29*x**4/6 - 82*x**2. Let v(i) be the second derivative of l(i). Determine v(7).
1
Let d(x) be the first derivative of -x**3 - 4*x**2 - 2*x - 1538. Calculate d(-9).
-173
Let t be ((10/(-12))/((-2)/12))/1. Suppose 0 = 5*k + f - 2*f - 26, -5*k + t*f = -10. Let i(j) = -6 - k - 3*j - j**2 - j + 10. Calculate i(-2).
2
Suppose -2*q - 21 = q, 0 = 5*f + 2*q + 4. Let m(l) = 47*l + 2. Determine m(f).
96
Let w(q) be the first derivative of -23*q**2/2 + 484*q - 4153. Give w(21).
1
Let i(w) be the third derivative of -w**5/60 + 3*w**4/8 - 7*w**3/2 - 2*w**2 - 3*w. Give i(4).
-1
Let y(g) = 138*g + 9390. Let b be y(-68). Let s(o) = -24*o + 126. Calculate s(b).
-18
Let t(f) = -f - 11. Let h be t(-22). Suppose -3*s - 4*k + h = 0, 3*s - 3*k + 2 = -1. Let q(x) = 4*x**2 - 3*x**2 + 2 + s. What is q(0)?
3
Let i be (-16)/1 - 140/(-7). Let c(d) be the third derivative of -d**4/3 + 5*d**3/6 + 6*d**2. Calculate c(i).
-27
Let q(d) be the first derivative of -d**2 + 6*d - 10. Let m(u) = -u**2 + 12*u - 3. Let r be m(11). Calculate q(r).
-10
Let y(i) = i + 5. Suppose -1953 + 321 = -8*n. Let m = 204 - n. Determine y(m).
5
Let w(v) = -33*v - 63. Let k(x) = 25*x + 49. Let r(i) = -4*k(i) - 3*w(i). Let j be (7/(-2))/((-1)/(-2)). Calculate r(j).
0
Let t(f) = -f**3 - 10*f**2 - 17*f + 6. Let l be t(-8). Suppose -15*r + l*r = -5*u + 34, 0 = 4*u - 2*r - 26. Let h(m) = -m**2 + m + 3. What is h(u)?
-39
Let r(t) be the first derivative of t**2/2 - 5*t - 958. Calculate r(9).
4
Let g(c) = 3*c**2 + 15*c - 351. Let o(l) = -l**2 - 5*l + 118. Let b(a) = 4*g(a) + 11*o(a). Let i(q) be the first derivative of b(q). What is i(7)?
19
Let o = -115 + 120. Suppose -6*j = -o*j + 13. Let g(n) = -n**2 - 13*n + 9. Determine g(j).
9
Let f be (-11)/((-88)/(-32)) - 222. Let k = f - -225. Let o(n) = -n**2 - 5*n - 3. Give o(k).
1
Let g(u) = 11*u**2 + 37 - 6*u**2 - 3*u**2 + 17*u. Let z be g(-5). Let t(q) = -4*q**2 - 4*q + 3. Give t(z).
-21
Suppose -4*f = -5*w + 91, -2*f + 148*w = 152*w. Let g(y) = -7*y - 71. Give g(f).
27
Let g = -7 + 5. Let f be g/(-9) + 55/(-45). Let a(v) = -2803*v**2 - v + 1401*v**2 + 1405*v**2. Give a(f).
4
Let s(q) = 15*q - 2. Suppose 4*z - 9*z + 3*v = 23, 2*z + 2*v = -6. Let x(k) = 13*k - 1. Let u(f) = z*s(f) + 5*x(f). What is u(3)?
18
Let j(a) = -3 + 2*a**2 - 2*a**3 + a**3 + 4*a**2 + 2*a + 6*a. Let l = -490 + 501. Suppose 2*g + 0*g - 39 = -5*h, -5*g - l = -3*h. What is j(h)?
4
Let o(q) = q**3 - 5*q**2 + 2*q + 18. Let z(k) = k**3 + 11*k**2 - 52*k - 568. Let d be z(-11). Calculate o(d).
10
Let g(q) = 2*q - 20. Let u(d) = -5*d + 154. Let y(m) = 5*g(m) + u(m). Give y(-12).
-6
Let r(p) = -16*p + 229. Let s be r(14). Let t(i) = 9*i + 16. Let j(d) = 11*d + 18. Let u(c) = s*t(c) - 4*j(c). Calculate u(-5).
3
Let g(i) be the second derivative of -i**3/6 + 2*i**2 - 30515*i. Let t(r) = -6*r. Let f be t(-2). Calculate g(f).
-8
Suppose g + y = 3*g + 15, 3*g = -y - 15. Let h be g/4*(-24)/2. Suppose -5*u + h = -12. Let l(x) = x - 10. Give l(u).
-4
Let z(h) = -3*h - 11. Suppose 11*y + 43 = 318. Suppose -5*s - 2*r = y, 9*s - 3*r = 4*s - 25. Determine z(s).
4
Suppose -3*u + 2*w + 8 = -18, 0 = -4*u + w + 43. Suppose 34*j = 30*j + u. Let r(o) = 0 - o**3 + 8*o + 2 + 0*o**j + 5*o**2 - 9. Determine r(6).
5
Let z(h) = 3*h - 23*h + 5*h + 2*h + 8*h + 20. Calculate z(3).
5
Let b(y) = -8*y + 1. Let g(a) = -2*a**3 - 32*a**2 + 71*a - 19. Let w be g(-18). Calculate b(w).
9
Suppose -3*s - 2*b + 9 = 20, -5*s = -7*b - 54. Let o(n) be the first derivative of -3*n**3 + n**2 - n - 1. Determine o(s).
-8
Let n be (-1)/(-4)*76 - 24. Let t(z) = -z**3 - 6*z**2 - 21*z - 85. Give t(n).
-5
Let h = 1047 + -1040. Let q(r) be the first derivative of -1/2*r**2 + 3 + h*r. Calculate q(5).
2
Let j = -4 - 0. Let x(n) = n - 6. Let b(d) = d**3 - 7*d**2 - 12*d + 38. Let z be b(8). Let u(q) = q - 7. Let p(g) = z*x(g) - 5*u(g). Give p(j).
-5
Let q(k) = -13*k**3 + k**2 - 9*k + 4. Let a(m) = 63*m**3 - 65*m**3 - 27*m**2 - 2*m + 28*m**2. Let p(g) = 6*a(g) - q(g). Determine p(-6).
-22
Let m(t) = 88*t - 178. Let w = -11638 - -11640. Calculate m(w).
-2
Let t(v) = -v - v + 1 + 5*v + v**2. Let c be t(-3). Let z be (c + 1 - 12)/(1 + 1). Let p(k) = -k**3 - 6*k**2 - 4*k + 3. Determine p(z).
-2
Let p be (1/3)/((-2)/(-6)). Let j(k) be the first derivative of -k - 5/2*k**2 + 643. Give j(p).
-6
Suppose -t - 3 = -i, -2*t = i - 28 + 22. Let k(g) = 19*g - 20. Give k(t).
-1
Let r(c) = -3*c**3 + 7*c + 0*c + 2*c**3 + 4*c**2 - 3. Let y be (-15)/9*3/(-4 + 3). Suppose -5*m + 4*q = -y, 5*m - 2*q + 20 = 7*m. What is r(m)?
7
Let x = -8 - -13. Let o(j) = -j**3 + 2*j**2 - j + 1. Let r(u) = 3*u**3 - 3*u**2 + 6*u - 8. Let y(c) = -4*o(c) - r(c). Calculate y(x).
-6
Let j(i) be the third derivative of -i**5/60 + i**3/6 + 148*i**2 + i. Calculate j(6).
-35
Let o(l) = l**2 + l - 8. Let z(m) = -10*m + 90. Let v be (-35)/(21/(-3)) + 4. Let r be z(v). Calculate o(r).
-8
Suppose 12 = -7*y + 13*y. Suppose -5*x + k - 3*k = 0, -y*x = 4*k + 16. Let n(a) = 2*a**x - 10*a - 2*a**2 - 4 + a**2 + 2*a. Determine n(7).
-11
Let h(y) = 3*y + 33. Let r(d) = 68*d + 9728. Let p be r(-143). Calculate h(p).
45
Let v(u) = -50*u + 303. Suppose 2*k + 32 = 4*y, 38 = -201*y + 206*y - 2*k. Determine v(y).
3
Let q(f) = 454*f - 93. Let u(g) = -339*g + 95. Let h(x) = 3*q(x) + 4*u(x). Give h(-11).
35
Suppose 0 = -3*u + u - 8. Let s(x) be the third derivative of -x**4/12 + 2*x**3/3 + 39*x**2 + 54. Give s(u).
12
Let w(n) be the second derivative of n**4/12 - 2*n**3/3 - 97*n**2/2 - 8*n - 12. Give w(-8).
-1
Let n(d) = -72*d - 253. Let w(s) = -142*s - 466. Let m(p) = 5*n(p) - 3*w(p). Determine m(-2).
1
Let k(a) = -5*a**2 + 503*a + 219. Let v be k(101). Let g(f) = -f**3 + 18*f**2 - 18*f + 12. Calculate g(v).
-5
Let r(c) = -5*c + 35. Let u = 1937 + -1929. Calculate r(u).
-5
Let s(c) = c**3 - 3*c**2 - 4*c + 2. Let h(p) = -p**2 + 85. Let b(k) = 13*k - 290. Let z be b(23). Let m be h(z). Give s(m).
2
Let a(y) = 6*y**2 - 9*y**2 - 3 - 2*y**2 + 6*y**2 + 5*y. Let z be a(-7). Suppose -14 = 3*l - z. Let r(w) = -11*w**3 + 2*w + 1. Determine r(l).
10
Let n(q) be the second derivative of q**4/12 + 2*q**3/3 - 3*q**2/2 - 3*q. Let i = -836 - -831. Give n(i).
2
Let h be (60/432*-9)/(2/(-8)). Let i(j) = -5*j**2 - j + 22. What is i(h)?
-108
Let g(w) = -4*w + 1. Let a(x) = -15*x + 89. Let j(i) = -16*i + 87. Let u(v) = -6*a(v) + 5*j(v). Let z be u(10). Give g(z).
-3
Suppose 10*s - 86 = 4. Let y(d) = -1 - 20 + 4*d + 13*d - 14*d. Calculate y(s).
6
Let z(s) be the first derivative of s**4/4 - 8*s**3/3 - 7*s**2/2 - 5*s - 6227. Determine z(9).
13
Let c(i) = 6*i - 18. Let d(z) = -2*z + 6. Suppose 0 = 3*y + y + 3*f - 23, 4*f = 4*y - 44. Let t(j) = y*d(j) + 3*c(j). Suppose 35*x - 35 = 40*x. Calculate t(x).
-20
Let a(p) = p**2 - 3*p + 16. Suppose 11 - 21 = 184*f - 10. Calculate a(f).
16
Let g = 205 - 203. Let z(k) = 0*k**2 - 163 + 161 - k**2 - g*k**2. Determine z(3).
-29
Let v(q) = q + 2. Let w(f) = -2*f**2 - 9*f - 10. Let u be w(-4). Let l be ((-4)/u)/(13/(-39)). Let j be l/(-3*(-10)/(-45)). Determine v(j).
5
Suppose 0 = 5*h - w - 29, 4 + 10 = 2*h + 2*w. Let k(m) = -m - 5 + 0*m**2 - m**2 + h + 0. Let v(g) = -5*g**2 + 5*g + 7. Let x(d) = -6*k(d) + v(d). Give x(-11).
1
Let u(h) = -h**3 + 9*h**2 - 10*h + 11. Suppose 0*n + t + 46 = 5*n, 0 = -3*n - 4*t + 23. Suppose 1 = n*l - 17. Suppose 5*v - l*v - 24 = 0. Give u(v).
-5
Suppose -3*q + 198 = 3*q. Let r(j) = 15 - 4 - 7*j + q*j - 10. Calculate r(-1).
-25
Let z(x) = x**3 + 2*x**2 + 51. Let o = 9290 + -9290. Calculate z(o).
51
Suppose 259*p - 246*p + 39 = 0. Let t(x) = x**2 + 5*x + 4. Give t(p).